{"id":36,"date":"2017-09-07T14:41:52","date_gmt":"2017-09-07T12:41:52","guid":{"rendered":"http:\/\/www.smspescatoripra.it\/?page_id=36"},"modified":"2019-02-08T12:55:07","modified_gmt":"2019-02-08T11:55:07","slug":"statuto","status":"publish","type":"page","link":"https:\/\/www.smspescatoripra.it\/index.php\/statuto\/","title":{"rendered":"Statuto"},"content":{"rendered":"<p><em>\u00a0\u00a0\u00a0\u00a0\u00a0\u00a0\u00a0\u00a0\u00a0\u00a0\u00a0\u00a0 STATUTO<\/em><\/p>\n<p><em>\u00a0\u00a0\u00a0\u00a0\u00a0\u00a0\u00a0\u00a0\u00a0\u00a0 ASSOCIAZIONE <\/em><\/p>\n<p><em>\u00a0<\/em><em>A.S.D. SMS PESCATORI PRA\u2019<\/em><\/p>\n<p><strong>fondata nel 1919<\/strong><\/p>\n<p>16157 GENOVA \u2013 VIA PRA, 63A\/ R \u2013 TEL.\/FAX 010661493 \u2013 C.F.80044370106<\/p>\n<p>e-mail\u00a0 \u00a0 smspescatoripra1919@gmail.com<\/p>\n<p>STATUTO dell&#8217;ASSOCIAZIONE denominata :<\/p>\n<p><strong>ASSOCIAZIONE SPORTIVA DILETTANTASTICA SMS PESCATORI PRA<\/strong><\/p>\n<p><strong>ART. 1 \u2014 COSTITUZIONE, DENOMINAZIONE E SEDE<\/strong><\/p>\n<p>1 &#8211; E&#8217; Costituita L&#8217;Associazione denominata ASSOCIAZIONE SPORTIVA DILETTANTASTICA SMS PESCATORI PRA\u2019.<\/p>\n<p>2 \u2014 L&#8217;associazione ha sede nel comune di Genova<\/p>\n<p>3 \u2014 l&#8217;Associazione \u00e8 retta dal presente statuto e dalle norme vigenti in materia.<\/p>\n<p>4 \u2014 L&#8217;associazione \u00e8 apolitica e non ha scopo di lucro. L&#8217;associazione \u00e8 altres\u00ec caratterizzata dalla democraticit\u00e0 della struttura, dall&#8217;uguaglianza dei diritti di tutti gli associati, dall&#8217;elettivit\u00e0 e gratuit\u00e0 delle cariche associative e delle prestazioni fornite dagli associati.<\/p>\n<p>5 \u2014 L&#8217;Associazione esaurisce le proprie finalit\u00e0 nell&#8217;ambito della Regione Liguria.<\/p>\n<p>6\u2014 I colori sociali dell&#8217;Associazione sono il Bianco e l&#8217;Azzurro e come logo un&#8217;ancora con una volta di cima sull&#8217;affusto.<\/p>\n<p>7 \u2014 L&#8217;Associazione potr\u00e0 \u00a0aderire a Consorzi \u00a0e\/o altre Associazioni, affiliarsi a Federazioni Sportive ed Enti di promozione sportiva, del tempo libero e culturali, in relazione a ci\u00f2 che sar\u00e0 sua intenzione promuovere.<\/p>\n<p>8 \u2014 Il sodalizio si conforma alle norme e alle direttive degli organismi dell&#8217;ordinamento sportivo, con particolare riferimento alle disposizioni del CONI nonch\u00e9 \u00a0agli statuti ed ai Regolamenti delle Federazioni Sportive nazionali o dell&#8217;ente di promozione Sportiva cui l&#8217;Associazione si affilia mediante delibera del Consiglio Direttivo.<\/p>\n<p><strong>ART. 2 \u2014 SCOPO<\/strong><\/p>\n<p>1 &#8211; L&#8217;Associazione ha per finalit\u00e0:<\/p>\n<p>a \u2014 di svolgere a livello dilettantistico attivit\u00e0 sportive, ricreative e culturali in particolar modo riferite alla pesca sportiva in tutte le sue forme e declinazioni quali subacquea, pesca con canna, con lenza ed alle attivit\u00e0 nautiche quali vela e\/o natanti a motore, ad essa collegate a carattere sociale, finalizzate alla pesca sportiva dilettantistica, nonch\u00e9 organizzare e tutelare i propri associati che svolgano attivity nell&#8217;ambito delle attrezzature e finalit\u00e0 proprie dell&#8217;Associazione.<\/p>\n<p>b &#8211; L&#8217;Associazione potr\u00e0 svolgere in via accessoria e marginale attivit\u00e0 assistenziali, culturali e commerciali nonch\u00e9\u00a0 lo svolgimento di attivit\u00e0 didattica per l&#8217;avvio, l&#8217;aggiornamento ed il perfezionamento dello svolgimento della pratica sportiva.<\/p>\n<p><strong>ART. 3 \u2014 DURATA<\/strong><\/p>\n<p>La durata dell&#8217;Associazione \u00e8 illimitata<\/p>\n<p><strong>ART. 4 \u2014 ASSOCIATI<\/strong><\/p>\n<ol>\n<li>Possono far parte dell&#8217;Associazione in qualit\u00e0 di associati tutte le persone residenti nel territorio italiano, di ambo i sessi che siano in possesso di adeguati requisiti morali e civili e che condividano le finalit\u00e0, lo spirito e gli ideali dell&#8217;Associazione.<\/li>\n<li>Tutti coloro che intendono entrare a far parte dell&#8217;Associazione devono presentare apposita<br \/>\ndomanda e devono essere presentati da due associati con anzianit\u00e0 di almeno un anno.<\/li>\n<li>Sulla domanda di ammissione decide il Consiglio Direttivo. Il rigetto o l&#8217;accoglimento della domanda di ammissione deve essere motivato.<\/li>\n<li>Contro la decisione motivata del Consiglio Direttivo di rigetto della domanda di ammissione \u00e8 ammesso ricorso all&#8217;Assemblea.<\/li>\n<li>In caso di domanda di ammissione ad Associato presentata da minorenne, la stessa deve essere controfirmata dall&#8217;esercente della patria potest\u00e0 di genitore. Il genitore che sottoscrive la domanda rappresenta il minore a tutti gli effetti nei confronti dell&#8217;Associazione e risponde verso la stessa per tutte le obbligazioni dell&#8217;Associato minorenne.<\/li>\n<li>La qualit\u00e0 di Associato non \u00e8 trasmissibile n\u00e9 per atto tra vivi n\u00e9 per causa di morte.<\/li>\n<\/ol>\n<p><strong>ART. 5 \u2014 Doveri degli Associati<\/strong><\/p>\n<ol>\n<li>Gli associati sono tenuti all&#8217;osservanza delle norme del presente Statuto e del regolamento interno nonch\u00e9 a rispettare le decisioni degli organi rappresentativi secondo le rispettive competenze.<\/li>\n<li>Gli associati sono tenuti al versamento della quota associativa annuale, delle quote straordinarie, e la quota contributo spese Associazione, nella misura stabilita dal Consiglio Direttivo.<\/li>\n<li>La quota associativa versata non pu\u00f2 in ogni caso essere ripetuta, trasferita a terzi o rivalutata.<\/li>\n<\/ol>\n<p><strong>ART. 6 \u2014 Diritti degli Associati<\/strong><\/p>\n<ol>\n<li>La qualit\u00e0 di associato da diritto di partecipare alle Assemblee nonch\u00e9 diritto di voto, attivo e passivo.<\/li>\n<li>All&#8217;Associato maggiorenne \u00e8 altres\u00ec riconosciuto il diritto a ricoprire cariche sociali all&#8217;interno dell&#8217;Associazione.<\/li>\n<li>La qualit\u00e0 di associato da diritto a frequentare le iniziative indette dal Consiglio Direttivo e la sede sociale, nonch\u00e9 le strutture sociali secondo le modalit\u00e0 stabilite dal regolamento interno.<\/li>\n<\/ol>\n<p><strong>ART. 7 \u2014 Perdita della qualit\u00e0 di associato<\/strong><\/p>\n<ol>\n<li>La qualit\u00e0 di associato si perde per dimissioni, decesso, morosit\u00e0 o radiazione.<\/li>\n<li>recesso, da comunicare al Consiglio Direttivo<\/li>\n<li>morosit\u00e0 protrattasi per oltre tre mesi dalla scadenza del termine per il versamento delle quote associative.<\/li>\n<li>radiazione nei confronti dell&#8217;associato che commette azioni ritenute gravemente disonorevoli entro e fuori l&#8217;Associazione; che con la sua condotta costituisce grave ostacolo al buon andamento del sodalizio o provoca grave danno all&#8217;Associazione.<\/li>\n<\/ol>\n<ol start=\"2\">\n<li>La radiazione dell&#8217;associato per gravi motivi ai sensi della lettera c) a deliberata dal Consiglio Direttivo. Il provvedimento di esclusione deve essere motivato ed indicare in modo specifico il fatto o i fatti che vengono addebitati all&#8217;associato escluso.<\/li>\n<li>Contro il provvedimento di esclusione l&#8217;associato escluso pu\u00f2 ricorrere in prima istanza all&#8217;assemblea degli associati e successivamente all&#8217;autorit\u00e0 giudiziaria (art. 24 c.c.) entro sei mesi dal giorno in cui gli a stata notificata la deliberazione di esclusione.<\/li>\n<\/ol>\n<p><strong>Art. 8 \u2014 ORGANI<\/strong><\/p>\n<ol>\n<li>Gli organi sociali sono:<\/li>\n<li>L&#8217;Assemblea generale \u00a0degli Associati;<\/li>\n<li>Il Presidente<\/li>\n<li>Il Consiglio Direttivo<\/li>\n<li>Il Collegio dei Sindaci<\/li>\n<\/ol>\n<p><strong>Art. 9 \u2014 L&#8217;assemblea : convocazione e funzionamento<\/strong><\/p>\n<ul>\n<li>L&#8217;Assemblea generale degli associati a il massimo organo deliberativo dell&#8217;Associazione, formato dall&#8217;intera collettivit\u00e0 degli associati. Quando a regolarmente convocata e costituita rappresenta l&#8217;universalit\u00e0 degli associati e le deliberazioni da essa legittimamente adottate obbligano tutti gli associati, anche se non intervenuti o dissenzienti .<\/li>\n<li>L&#8217;Assemblea a convocata dal Presidente su decisione del Consiglio Direttivo o di sua iniziativa.<\/li>\n<li>La convocazione dell&#8217;Assemblea pu\u00f2 essere richiesta al Consiglio Direttivo con istanza motivata da parte di almeno un decimo degli Associati, che ne propongono l&#8217;ordine del giorno. In tal caso la convocazione a atto dovuto da parte del Consiglio Direttivo entro 30 giorni.<\/li>\n<li>L&#8217;Assemblea a convocata presso la Sede dell&#8217;Associazione o, comunque, in luogo idoneo a garantire la massima partecipazione degli Associati.<\/li>\n<li>L&#8217;Assemblea a convocata in sessioni ordinarie e straordinarie.<\/li>\n<li>Le Assemblee sono presiedute dal Presidente o in caso di sua assenza o impedimento da persona legittimamente intervenuta all&#8217;Assemblea e designata dalla maggioranza dei presenti.<\/li>\n<li>L&#8217;Assemblea nomina un segretario il quale redige il verbale dei lavori dell&#8217;Assemblea.<\/li>\n<li>L&#8217;assistenza del Segretario non a necessaria quando il verbale dell&#8217;Assemblea sia redatto da un Notaio.<\/li>\n<li>Il verbale deve essere firmato dal Presidente e dal Segretario. Copia dello stesso deve essere messo a disposizione di tutti gli associati con le formalit\u00e0 ritenute pi\u00f9 idonee dal Consiglio Direttivo a garantirne la massima diffusione.<\/li>\n<\/ul>\n<p><strong>ART. 10 \u2014 Diritti di partecipazione<\/strong><\/p>\n<ol>\n<li>Partecipano alle Assemblee ordinarie e straordinarie dell&#8217;Associazione tutti gli associati in regola con il versamento della quota annua e non soggetti a provvedimenti disciplinari in corso di esecuzione.<\/li>\n<li>Tutti i associati hanno diritto al voto. Ogni associato ha diritto a un voto.<\/li>\n<li>Gli Associati di minore et\u00e0 vengono all&#8217;uopo rappresentati dagli esercenti la potest\u00e0 di genitore. Il diritto al voto a automaticamente acquisito dall&#8217;associato minorenne alla prima assemblea utile svoltasi dopo il raggiungimento della maggiore et\u00e0 .<\/li>\n<\/ol>\n<ol start=\"4\">\n<li>Sono ammesse deleghe riferite a singole assemblee purch\u00e9 rilasciate per iscritto nei confronti<\/li>\n<\/ol>\n<p>di altro associato in calce all&#8217;avviso di convocazione. Ogni associato pu\u00f2 rappresentare in Assemblea, per mezzo di delega scritta, non pi\u00f9 di tre associati.<\/p>\n<p><strong>ART. 11 \u2014 Assemblea ordinaria<\/strong><\/p>\n<ol>\n<li>La convocazione dell&#8217;Assemblea ordinaria deve avvenire almeno quindici giorni prima della data fissata dell&#8217;adunanza mediante affissione di avviso nella sede dell&#8217;Associazione o comunicazione scritta agli associati a mezzo posta ordinaria. Nella convocazione devono essere indicati il giorno, il luogo, e l&#8217;elenco delle materie da trattare.<\/li>\n<li>L&#8217;Assemblea deve essere indetta a cura del Consiglio Direttivo e convocata dal Presidente, almeno una volta all&#8217;anno per l&#8217;approvazione del bilancio preventivo e del bilancio consuntivo.<\/li>\n<\/ol>\n<p>3.- L&#8217;assemblea ordinaria delibera sulle seguenti materie:<\/p>\n<ol>\n<li>indirizzi e direttive generali dell&#8217;Associazione<\/li>\n<li>approvazione dei regolamenti interni<\/li>\n<li>approvazione del bilancio consuntivo e preventivo<\/li>\n<li>nomina degli organi dell&#8217;Associazione;<\/li>\n<li>decisione del ricorso avverso il provvedimento del Consiglio Direttivo di rigetto della domanda di ammissione;<\/li>\n<li>altri argomenti attinenti alla vita ed ai rapporti dell&#8217;Associazione che non rientrino nella competenza dell&#8217;Assemblea straordinaria e del Consiglio Direttivo.<\/li>\n<li>L&#8217;Assemblea ordinaria a validamente costituita in prima convocazione con la presenza di almeno la met\u00e0 pi\u00f9 uno degli Associati aventi diritto al voto e delibera validamente con voto favorevole della maggioranza dei presenti.<\/li>\n<li>In seconda convocazione l&#8217;Assemblea ordinaria a validamente costituita qualunque sia il numero degli Associati intervenuti e delibera a maggioranza dei presenti . La seconda convocazione non pu\u00f2 essere tenuta nello stesso giorno della prima.<\/li>\n<\/ol>\n<p><strong>ARTICOLO 12 \u2014 Assemblea straordinaria<\/strong><\/p>\n<ol>\n<li>L&#8217;Assemblea straordinaria deve essere convocata dal Consiglio Direttivo almeno dieci giorni prima della data fissata dell&#8217;adunanza mediante affissione d&#8217;avviso nella sede dell&#8217;Associazione o contestuale comunicazione scritta agli associati a mezzo posta ordinaria, elettronica, fax o telegramma. Nella convocazione devono essere indicati il giorno, il luogo e l&#8217;ora dell&#8217;adunanza e l&#8217;elenco delle materie da trattare.<\/li>\n<li>L&#8217;Assemblea straordinaria delibera sulle seguenti materie:<\/li>\n<li>Modificazione dello statuto<\/li>\n<li>Scioglimento dell&#8217;Associazione e modalit\u00e0 di liquidazione.<\/li>\n<\/ol>\n<p><strong>Articolo 13 \u2014 Modificazioni statutarie<\/strong><\/p>\n<ol>\n<li>L&#8217;Assemblea straordinaria convocata per deliberare modificazioni allo Statuto dell&#8217;Associazione e validamente costituita, in prima convocazione, quando sono presenti due terzi degli Associati aventi diritto al voto e delibera con il voto favorevole della maggioranza dei presenti.<\/li>\n<li>In seconda convocazione l&#8217;Assemblea straordinaria a validamente costituita con la presenza di un terzo degli Associati e delibera con il voto favorevole dei due terzi dei presenti all&#8217;Assemblea. La seconda convocazione non pu\u00f2 essere tenuta nello stesso giorno della prima.<\/li>\n<\/ol>\n<p><strong>ARTICOLO 14 \u2014 SCIOGLIMENTO<\/strong><\/p>\n<ol>\n<li>Lo scioglimento dell&#8217;Associazione a deliberato dall&#8217;Assemblea generale degli associati convocata in seduta straordinaria e validamente costituita, sia in prima che in seconda convocazione, con la presenza di almeno % degli Associati aventi diritto al voto, e delibera con il voto favorevole di almeno % degli Associati aventi diritto al voto con esclusione delle deleghe.<\/li>\n<li>L&#8217;Assemblea, all&#8217;atto dello scioglimento dell&#8217;Associazione, provvede alla nomina del liquidatore e stabilisce, altres\u00ec, in ordine alla devoluzione dei beni residui in conformit\u00e0 con quanto previsto al comma 3. Tali deliberazioni devono essere assunte con le maggioranze di cui al comma 1.<\/li>\n<li>Il patrimonio residuo a devoluto a favore di altra Associazione che persegua finalit\u00e0<\/li>\n<\/ol>\n<p>analoghe, e comunque sempre ai fini sportivi, fatta salva diversa destinazione imposta dalla legge.<\/p>\n<p><strong>ARTICOLO 15 &#8211; Consiglio Direttivo<\/strong><\/p>\n<ol>\n<li><strong>Il Consiglio Direttivo <\/strong>a composto da un numero massimo di membri stabilito dall&#8217;Assemblea, da un minimo di cinque e ad un massimo di nove.<\/li>\n<li>Il Consiglio Direttivo nomina, nel proprio seno, qualora non abbia provveduto l&#8217;Assemblea, il Presidente, il Vice Presidente, ed il Segretario, con funzioni di tesoriere. Tutti gli incarichi sociali si intendono a titolo gratuito.<\/li>\n<li>Il Consiglio Direttivo rimane in carica 4 anni ed i suoi componenti sono rieleggibili<\/li>\n<li>Pu\u00f2 ricoprire cariche sociali l&#8217;Associato maggiorenne, che non sia stato interdetto, inabilitato, dichiarato fallito o condannato ad una pena che importa l&#8217;interdizione, anche temporanea , dai pubblici uffici o l&#8217;incapacit\u00e0 ad esercitare uffici direttivi.<\/li>\n<li>1 Consiglieri non possono ricoprire cariche sociali in altre society o Associazioni similari.<\/li>\n<li>Il Consiglio Direttivo si riunisce ogni qualvolta il Presidente lo ritenga necessario, oppure se ne sia fatta richiesta da almeno la 1\/3 dei Consiglieri, senza formalit\u00e0.<\/li>\n<li>Il Consiglio Direttivo a validamente costituito con la presenza della maggioranza dei Consiglieri in carica e delibera validamente con il voto favorevole dei presenti.<\/li>\n<li>In caso di parit\u00e0 prevale il voto del Presidente.<\/li>\n<li>Le deliberazioni del Consiglio direttivo devono risultare da verbale sottoscritto dal Presidente o da chi, in sua vece, ha presieduto la riunione e dal segretario. Lo stesso deve essere messo a disposizione di tutti gli associati con le formalit\u00e0 ritenute pio idonee dal Consiglio Direttivo atte a garantirne la massima diffusione.<\/li>\n<\/ol>\n<p><strong>ART\/COLO 16 \u2014 Compiti del Consiglio Direttivo<\/strong><\/p>\n<ol>\n<li>Il Consiglio Direttivo a investito dei pi\u00f9 ampi poteri di ordinaria e straordinaria amministrazione , compie tutti gli atti necessari per l&#8217;attuazione dello statuto e delle delibere dell&#8217;Assemblea ed ogni altra attivit\u00e0 od operazione necessaria per il raggiungimento degli scopi dell&#8217;Associazione secondo le linee di indirizzo e le direttive dell&#8217;Assemblea.<\/li>\n<li>In particolare, sono compiti del Consiglio Direttivo<\/li>\n<li>Deliberare sulle domande dell&#8217;ammissione degli Associati;<\/li>\n<li>Determinare l&#8217;importo delle quote associative;<\/li>\n<li>redigere il bilancio preventivo e consuntivo da sottoporre all&#8217;approvazione dell&#8217;Assemblea.<\/li>\n<li>Indire le assemblee ordinarie e straordinarie;<\/li>\n<li>Redigere l&#8217;eventuale regolamento interno da sottoporre all&#8217;approvazione dell&#8217;assemblea;<\/li>\n<li>Adottare i provvedimenti di esclusione verso gli associati ai sensi dell&#8217;art. 7, comma 1, lettera<\/li>\n<\/ol>\n<p><strong>ARTICOLO 17 \u2014 Sostituzione degli amministratori<\/strong><\/p>\n<ol>\n<li>Nel caso in cui, per qualsiasi ragione, durante il corso dell&#8217;esercizio vengano a mancare uno o pi\u00f9 consiglieri, che non superino la met\u00e0 dei membri del Consiglio, i rimanenti provvedono a sostituire il membro uscente con il primo dei candidati non eletti, o in mancanza, tramite cooptazione.<\/li>\n<li>La nomina per sostituzione a sottoposta all&#8217;Assemblea, alla prima seduta utile, la quale pu\u00f2 confermarla ovvero provvedere alla nomina di un nuovo membro.<\/li>\n<li>Ove non sia possibile procedere ai sensi del comma 1, l&#8217;Assemblea deve essere al pib presto convocata per procedere alla surroga dei consiglieri mancanti.<\/li>\n<li>1 membri nominati in sostituzione dei consiglieri uscenti restano in carica fino alla scadenza del mandato del consiglio direttivo.<\/li>\n<li>Il Consiglio Direttivo si considera decaduto qualora per dimissioni o per qualsiasi altra causa venga a perdere la maggioranza dei suoi componenti. Al verificarsi di tale evento deve essere convocata immediatamente e senza ritardo l&#8217;Assemblea per la nomina del nuovo Consiglio Direttivo. Fino alla nuova costituzione e limitatamente agli affari urgenti e alla gestione dell&#8217;Amministrazione ordinaria dell&#8217;associazione, le funzioni saranno svolte dal Collegio Sindacale o dal Consiglio Direttivo decaduto, con successiva ratifica degli atti compiuti da parte del nuovo Consiglio Direttivo.<\/li>\n<li>1 Consiglieri non possono ricoprire incarichi analoghi in associazioni o society sportive avente la medesima finality sportiva pena la radiazione o sospensione dall&#8217;incarico.<\/li>\n<\/ol>\n<p><strong>ART\/COLO 18 \u2014 Il Presidente<\/strong><\/p>\n<ol>\n<li>IL Presidente ha la rappresentanza legale dell&#8217;Associazione, dirige l&#8217;Associazione , ne controlla il funzionamento nel rispetto dell&#8217;autonomia degli altri organi sociali e ne a il legale rappresentante in ogni evenienza<\/li>\n<li>Ha la responsabilit\u00e0 generale dell&#8217;Associazione, compie gli atti e i negozi giuridici che impegnano la stessa; sovrintende all&#8217;attuazione delle delibere dell&#8217;assemblea e del Consiglio Direttivo.<\/li>\n<\/ol>\n<ol start=\"3\">\n<li>In casi eccezionali di necessit\u00e0 ed urgenza, il Presidente pu\u00f2 compiere atti di straordinaria amministrazione, convocando al pi\u00f9 presto il Consiglio Direttivo per la ratifica degli atti compiuti.<\/li>\n<li>Il Presidente a eletto dal Consiglio Direttivo qualora non venga eletto dall&#8217;Assemblea. Il Presidente a membro del Consiglio Direttivo.<\/li>\n<\/ol>\n<p><strong>ART\/COLO 19 \u2014 il Vice Presidente<\/strong><\/p>\n<ol>\n<li>Il Vice Presidente sostituisce il Presidente in caso di sua assenza o impedimento temporaneo ed in quelle mansioni nelle quali venga espressamente delegato.<\/li>\n<li>Il Vice Presidente a membro del Consiglio Direttivo ed \u00e8 nominato nel suo seno.<\/li>\n<\/ol>\n<p><strong>ARTICOLO 20 \u2014 IL SEGRETARIO<\/strong><\/p>\n<ol>\n<li>Il segretario d\u00e0 esecuzione alle deliberazioni del Presidente e del Consiglio Direttivo, redige e tiene i libri verbali delle riunioni delle Assemblee e del Consiglio Direttivo, attende alla corrispondenza e come tesoriere cura l&#8217;amministrazione dell&#8217;Associazione e si incarica della tenuta dei libri contabili nonch\u00e9 delle riscossioni e dei pagamenti da effettuarsi previo mandato del Consiglio Direttivo.<\/li>\n<\/ol>\n<p><strong>ARTICOLO 21 \u2014 PATRIMONIO<\/strong><\/p>\n<ol>\n<li>Il patrimonio dell&#8217;Associazione \u00e8 costituito:<\/li>\n<li>Dal fondo di dotazione iniziale;<\/li>\n<li>Dai beni mobili ed immobili che sono o diverranno di propriet\u00e0 dell&#8217;Associazione;<\/li>\n<li>Da eventuali fondi di riserva.<\/li>\n<li>Il patrimonio deve conservare, per tutta la durata dell&#8217;Associazione, una consistenza adeguata al raggiungimento dello scopo e a garantire i terzi nei loro rapporti con l&#8217;Associazione stessa.<\/li>\n<\/ol>\n<p><strong>ARTICOLO 22 \u2014 MEZZI FINANZIARI<\/strong><\/p>\n<ol>\n<li>1 mezzi finanziari dell&#8217;Associazione sono costituiti :<\/li>\n<li>Dalle quote associative determinate annualmente dal Consiglio Direttivo e versate dagli Associati;<\/li>\n<li>Dalle rendite derivanti dal patrimonio;<\/li>\n<li>Dai contributi di enti pubblici o privati, di persone fisiche, da lasciti e donazioni;<\/li>\n<li>Dai proventi derivanti da eventuali attivit\u00e0 marginali e connesse con quelle istituzionali dell&#8217;Associazione;<\/li>\n<li>Durante la vita dell&#8217;Associazione non possono essere distribuiti, anche in modo indiretto o differito, avanzi di gestione nonch\u00e9 fondi, riserve o capitale.<\/li>\n<\/ol>\n<p><strong>ARTICOLO 23 \u2014 IL BILANCIO<\/strong><\/p>\n<ol>\n<li>Il Consiglio Direttivo redige il bilancio dell&#8217;Associazione, sia preventivo che consuntivo, da sottoporre all&#8217;approvazione assembleare entro il 30 Aprile successivo alla data di chiusura dell&#8217;esercizio finanziario.<\/li>\n<\/ol>\n<ol start=\"2\">\n<li>Il bilancio deve essere redatto con chiarezza e deve rappresentare in modo veritiero e corretto la situazione patrimoniale ed economico-finanziaria dell&#8217;Associazione, nel rispetto del principio della trasparenza nei confronti degli Associati.<\/li>\n<li>Insieme alla convocazione dell&#8217;Assemblea ordinaria che riporta all&#8217;ordine del giorno l&#8217;approvazione del bilancio, deve essere messo a disposizione di tutti gli associati, copia del bilancio stesso presso la sede sociale.<\/li>\n<\/ol>\n<p><strong>ARTICOLO 24 \u2014 ANNO FINANZIARIO<\/strong><\/p>\n<ol>\n<li>L&#8217;Anno sociale e l&#8217;esercizio finanziario iniziano il 1\u00b0 Gennaio e terminano il 31 Dicembre di ciascun anno.<\/li>\n<\/ol>\n<p><strong>Articolo 25 \u2014 Collegio Sindacale<\/strong><\/p>\n<ol>\n<li>L&#8217;assemblea nomina un Collegio Sindacale composto da 2 membri scelti anche fra non aderenti all&#8217;Associazione, che svolgono il proprio mandato a titolo gratuito. Il Collegio rimane in carica 4 anni.<\/li>\n<li>La carica di componente il Consiglio Direttivo \u00e8 incompatibile con quella di Sindaco.<\/li>\n<li>Il Collegio ha il compito di:<\/li>\n<li>Accertare la regolare tenuta della contabilit\u00e0 sociale e redigere una relazione ai bilanci annuali;<\/li>\n<li>Verificare la consistenza di cassa;<\/li>\n<li>Procedere ad atti di ispezione o controllo;<\/li>\n<li>Rendere pareri in materia finanziaria e contabile all&#8217;Assemblea e\/o al Consiglio Direttivo.<\/li>\n<li>1 componenti del Collegio partecipano alle adunanze dell&#8217;Assemblea senza diritto di voto.<\/li>\n<\/ol>\n<p><strong>ARTICOLO 26 \u2014 NORMA DI RINVIO<\/strong><\/p>\n<ol>\n<li>Per quanto non espressamente previsto dal presente statuto si applicano le disposizioni del Codice Civile e della normativa vigente.<\/li>\n<\/ol>\n<p><strong>ARTICOLO 27 \u2014 NORMA FINALE\u00a0\u00a0\u00a0\u00a0\u00a0\u00a0\u00a0\u00a0\u00a0\u00a0\u00a0\u00a0\u00a0\u00a0\u00a0\u00a0\u00a0\u00a0\u00a0\u00a0\u00a0\u00a0\u00a0\u00a0\u00a0\u00a0\u00a0\u00a0\u00a0\u00a0\u00a0\u00a0\u00a0\u00a0\u00a0\u00a0\u00a0\u00a0\u00a0\u00a0\u00a0\u00a0\u00a0\u00a0\u00a0\u00a0\u00a0\u00a0\u00a0\u00a0\u00a0\u00a0\u00a0\u00a0\u00a0\u00a0\u00a0\u00a0\u00a0\u00a0\u00a0\u00a0\u00a0\u00a0\u00a0\u00a0\u00a0\u00a0\u00a0\u00a0\u00a0\u00a0\u00a0\u00a0\u00a0\u00a0\u00a0\u00a0\u00a0\u00a0\u00a0\u00a0\u00a0\u00a0\u00a0\u00a0\u00a0\u00a0\u00a0\u00a0\u00a0\u00a0\u00a0\u00a0\u00a0\u00a0\u00a0\u00a0\u00a0\u00a0\u00a0\u00a0\u00a0\u00a0\u00a0\u00a0\u00a0\u00a0\u00a0\u00a0\u00a0\u00a0\u00a0\u00a0\u00a0\u00a0\u00a0\u00a0\u00a0\u00a0\u00a0\u00a0\u00a0\u00a0\u00a0\u00a0\u00a0 <\/strong>Il presente statuto entra in vigore dopo l&#8217;approvazione dell&#8217;autorit\u00e0 governativa.<\/p>\n","protected":false},"excerpt":{"rendered":"<p>\u00a0\u00a0\u00a0\u00a0\u00a0\u00a0\u00a0\u00a0\u00a0\u00a0\u00a0\u00a0 STATUTO \u00a0\u00a0\u00a0\u00a0\u00a0\u00a0\u00a0\u00a0\u00a0\u00a0 ASSOCIAZIONE \u00a0A.S.D. SMS PESCATORI PRA\u2019 fondata nel 1919 16157 GENOVA \u2013 VIA PRA, 63A\/ R \u2013 TEL.\/FAX 010661493 \u2013 C.F.80044370106 e-mail\u00a0 \u00a0 smspescatoripra1919@gmail.com STATUTO dell&#8217;ASSOCIAZIONE denominata : ASSOCIAZIONE SPORTIVA DILETTANTASTICA SMS PESCATORI PRA ART. 1 \u2014 COSTITUZIONE, DENOMINAZIONE E SEDE 1 &#8211; E&#8217; Costituita L&#8217;Associazione denominata ASSOCIAZIONE SPORTIVA DILETTANTASTICA SMS PESCATORI PRA\u2019. &hellip; <\/p>\n<p class=\"link-more\"><a href=\"https:\/\/www.smspescatoripra.it\/index.php\/statuto\/\" class=\"more-link\">Leggi tutto<span class=\"screen-reader-text\"> &#8220;Statuto&#8221;<\/span><\/a><\/p>\n","protected":false},"author":1,"featured_media":0,"parent":0,"menu_order":0,"comment_status":"closed","ping_status":"closed","template":"","meta":[],"_links":{"self":[{"href":"https:\/\/www.smspescatoripra.it\/index.php\/wp-json\/wp\/v2\/pages\/36"}],"collection":[{"href":"https:\/\/www.smspescatoripra.it\/index.php\/wp-json\/wp\/v2\/pages"}],"about":[{"href":"https:\/\/www.smspescatoripra.it\/index.php\/wp-json\/wp\/v2\/types\/page"}],"author":[{"embeddable":true,"href":"https:\/\/www.smspescatoripra.it\/index.php\/wp-json\/wp\/v2\/users\/1"}],"replies":[{"embeddable":true,"href":"https:\/\/www.smspescatoripra.it\/index.php\/wp-json\/wp\/v2\/comments?post=36"}],"version-history":[{"count":6,"href":"https:\/\/www.smspescatoripra.it\/index.php\/wp-json\/wp\/v2\/pages\/36\/revisions"}],"predecessor-version":[{"id":622,"href":"https:\/\/www.smspescatoripra.it\/index.php\/wp-json\/wp\/v2\/pages\/36\/revisions\/622"}],"wp:attachment":[{"href":"https:\/\/www.smspescatoripra.it\/index.php\/wp-json\/wp\/v2\/media?parent=36"}],"curies":[{"name":"wp","href":"https:\/\/api.w.org\/{rel}","templated":true}]}}